{"id":520,"date":"2021-04-06T06:31:18","date_gmt":"2021-04-06T04:31:18","guid":{"rendered":"https:\/\/albaouest.com\/?page_id=520"},"modified":"2021-04-07T14:44:22","modified_gmt":"2021-04-07T12:44:22","slug":"obtenir-un-devis","status":"publish","type":"page","link":"https:\/\/albaouest.com\/index.php\/obtenir-un-devis\/","title":{"rendered":"Obtenir un devis"},"content":{"rendered":"\t\t<div data-elementor-type=\"wp-post\" data-elementor-id=\"520\" class=\"elementor elementor-520\">\n\t\t\t\t\t\t<section class=\"elementor-section elementor-top-section elementor-element elementor-element-3bba819 elementor-section-boxed elementor-section-height-default elementor-section-height-default\" data-id=\"3bba819\" data-element_type=\"section\" data-settings=\"{&quot;background_background&quot;:&quot;classic&quot;}\">\n\t\t\t\t\t\t<div class=\"elementor-container elementor-column-gap-default\">\n\t\t\t\t\t<div class=\"elementor-column elementor-col-100 elementor-top-column elementor-element elementor-element-b38feb2\" data-id=\"b38feb2\" data-element_type=\"column\">\n\t\t\t<div class=\"elementor-widget-wrap elementor-element-populated\">\n\t\t\t\t\t\t<div class=\"elementor-element elementor-element-2249364 elementor-widget elementor-widget-spacer\" data-id=\"2249364\" data-element_type=\"widget\" data-widget_type=\"spacer.default\">\n\t\t\t\t<div class=\"elementor-widget-container\">\n\t\t\t\t\t\t\t<div class=\"elementor-spacer\">\n\t\t\t<div class=\"elementor-spacer-inner\"><\/div>\n\t\t<\/div>\n\t\t\t\t\t\t<\/div>\n\t\t\t\t<\/div>\n\t\t\t\t<div class=\"elementor-element elementor-element-346dd77 elementor-widget elementor-widget-heading\" data-id=\"346dd77\" data-element_type=\"widget\" data-widget_type=\"heading.default\">\n\t\t\t\t<div class=\"elementor-widget-container\">\n\t\t\t\t\t<h2 class=\"elementor-heading-title elementor-size-default\">OBTENIR UN DEVIS<\/h2>\t\t\t\t<\/div>\n\t\t\t\t<\/div>\n\t\t\t\t<div class=\"elementor-element elementor-element-880a52b elementor-widget elementor-widget-spacer\" data-id=\"880a52b\" data-element_type=\"widget\" data-widget_type=\"spacer.default\">\n\t\t\t\t<div class=\"elementor-widget-container\">\n\t\t\t\t\t\t\t<div class=\"elementor-spacer\">\n\t\t\t<div class=\"elementor-spacer-inner\"><\/div>\n\t\t<\/div>\n\t\t\t\t\t\t<\/div>\n\t\t\t\t<\/div>\n\t\t\t\t\t<\/div>\n\t\t<\/div>\n\t\t\t\t\t<\/div>\n\t\t<\/section>\n\t\t\t\t<section class=\"elementor-section elementor-top-section elementor-element elementor-element-0abdb34 elementor-section-boxed elementor-section-height-default elementor-section-height-default\" data-id=\"0abdb34\" data-element_type=\"section\" data-settings=\"{&quot;shape_divider_bottom&quot;:&quot;tilt&quot;}\">\n\t\t\t\t\t<div class=\"elementor-shape elementor-shape-bottom\" aria-hidden=\"true\" data-negative=\"false\">\n\t\t\t<svg xmlns=\"http:\/\/www.w3.org\/2000\/svg\" viewBox=\"0 0 1000 100\" preserveAspectRatio=\"none\">\n\t<path class=\"elementor-shape-fill\" d=\"M0,6V0h1000v100L0,6z\"\/>\n<\/svg>\t\t<\/div>\n\t\t\t\t\t<div class=\"elementor-container elementor-column-gap-default\">\n\t\t\t\t\t<div class=\"elementor-column elementor-col-100 elementor-top-column elementor-element elementor-element-03e9e70\" data-id=\"03e9e70\" data-element_type=\"column\">\n\t\t\t<div class=\"elementor-widget-wrap elementor-element-populated\">\n\t\t\t\t\t\t<div class=\"elementor-element elementor-element-6a3e02c elementor-widget elementor-widget-content_form_contact\" data-id=\"6a3e02c\" data-element_type=\"widget\" data-widget_type=\"content_form_contact.default\">\n\t\t\t\t<div class=\"elementor-widget-container\">\n\t\t\t\t\t<form action=\"https:\/\/albaouest.com\/wp-admin\/admin-post.php\" method=\"post\" name=\"content-form-6a3e02c\" id=\"content-form-6a3e02c\" class=\"ti-cf-module content-form content-form-contact content_form_contact\"><input type=\"hidden\" id=\"_wpnonce_contact\" name=\"_wpnonce_contact\" value=\"a7a79931c8\" \/><input type=\"hidden\" name=\"_wp_http_referer\" value=\"\/index.php\/obtenir-un-devis\/\" \/><input type=\"hidden\" name=\"action\" value=\"content_form_submit\" \/><input type=\"hidden\" name=\"form-type\" value=\"contact\" \/><input type=\"hidden\" name=\"form-builder\" value=\"elementor\" \/><input type=\"hidden\" name=\"post-id\" value=\"520\" \/><input type=\"hidden\" name=\"form-id\" value=\"6a3e02c\" \/><fieldset class=&quot;content-form-field-text elementor-column elementor-col-100&quot;><label for=\"data[6a3e02c][name]\" >Nom - Pr\u00e9nom<span class=\"required-mark\"> *<\/span><\/label><input type=\"text\" name=\"data[6a3e02c][name]\" id=\"data[6a3e02c][name]\" required=required  placeholder=\"\"><\/fieldset><fieldset class=&quot;content-form-field-email elementor-column elementor-col-100&quot;><label for=\"data[6a3e02c][email]\" >Adresse Electronique<span class=\"required-mark\"> *<\/span><\/label><input type=\"text\" name=\"data[6a3e02c][email]\" id=\"data[6a3e02c][email]\" required=required  placeholder=\"\"><\/fieldset><fieldset class=&quot;content-form-field-number elementor-column elementor-col-100&quot;><label for=\"data[6a3e02c][phone]\" >Num\u00e9ro de t\u00e9l\u00e9phone<span class=\"required-mark\"> *<\/span><\/label><input type=\"text\" name=\"data[6a3e02c][phone]\" id=\"data[6a3e02c][phone]\" required=required  placeholder=\"\"><\/fieldset><fieldset class=&quot;content-form-field-text elementor-column elementor-col-100&quot;><label for=\"data[6a3e02c][adresse-de-la-copropriete]\" >Adresse de la copropri\u00e9t\u00e9<span class=\"required-mark\"> *<\/span><\/label><input type=\"text\" name=\"data[6a3e02c][adresse-de-la-copropriete]\" id=\"data[6a3e02c][adresse-de-la-copropriete]\" required=required  placeholder=\"\"><\/fieldset><fieldset class=&quot;content-form-field-text elementor-column elementor-col-100&quot;><label for=\"data[6a3e02c][nombre-de-lots]\" >Nombre de lots<span class=\"required-mark\"> *<\/span><\/label><input type=\"text\" name=\"data[6a3e02c][nombre-de-lots]\" id=\"data[6a3e02c][nombre-de-lots]\" required=required  placeholder=\"\"><\/fieldset><fieldset class=&quot;content-form-field-text elementor-column elementor-col-100&quot;><label for=\"data[6a3e02c][typologie-de-limmeuble]\" >Typologie de l'immeuble<\/label><input type=\"text\" name=\"data[6a3e02c][typologie-de-limmeuble]\" id=\"data[6a3e02c][typologie-de-limmeuble]\"   placeholder=\"\"><\/fieldset><fieldset class=&quot;content-form-field-checkbox elementor-column elementor-col-100&quot;><label class=\"checkbox-input\" for=\"data[6a3e02c][procedure-en-cours]\" >Proc\u00e9dure en cours<input type=\"checkbox\" name=\"data[6a3e02c][procedure-en-cours]\" id=\"data[6a3e02c][procedure-en-cours]\"  ><\/label><\/fieldset><fieldset class=&quot;content-form-field-checkbox elementor-column elementor-col-100&quot;><label class=\"checkbox-input\" for=\"data[6a3e02c][immeuble-neuf]\" >Immeuble neuf<input type=\"checkbox\" name=\"data[6a3e02c][immeuble-neuf]\" id=\"data[6a3e02c][immeuble-neuf]\"  ><\/label><\/fieldset><fieldset class=&quot;content-form-field-checkbox elementor-column elementor-col-100&quot;><label class=\"checkbox-input\" for=\"data[6a3e02c][immeuble-ancien]\" >Immeuble ancien<input type=\"checkbox\" name=\"data[6a3e02c][immeuble-ancien]\" id=\"data[6a3e02c][immeuble-ancien]\"  ><\/label><\/fieldset><fieldset class=&quot;content-form-field-textarea elementor-column elementor-col-100&quot;><label for=\"data[6a3e02c][message]\" >Votre Message<span class=\"required-mark\"> *<\/span><\/label><textarea name=\"data[6a3e02c][message]\" id=\"data[6a3e02c][message]\"  required=required placeholder=\"\" cols=\"30\" rows=\"5\"><\/textarea><\/fieldset><fieldset class=\"submit-form contact\"><button type=\"submit\" name=\"submit\"  value=\"submit-contact-6a3e02c\" class=\"\">Submit<\/button><\/fieldset><\/form>\t\t\t\t<\/div>\n\t\t\t\t<\/div>\n\t\t\t\t\t<\/div>\n\t\t<\/div>\n\t\t\t\t\t<\/div>\n\t\t<\/section>\n\t\t\t\t<\/div>\n\t\t","protected":false},"excerpt":{"rendered":"<p>OBTENIR UN DEVIS Nom &#8211; Pr\u00e9nom * Adresse Electronique * Num\u00e9ro de t\u00e9l\u00e9phone * Adresse de la copropri\u00e9t\u00e9 * Nombre de lots * Typologie de l&rsquo;immeuble Proc\u00e9dure en cours Immeuble neuf Immeuble ancien Votre Message * Submit<\/p>\n","protected":false},"author":1,"featured_media":0,"parent":0,"menu_order":0,"comment_status":"closed","ping_status":"closed","template":"page-templates\/template-pagebuilder-full-width.php","meta":{"footnotes":""},"class_list":["post-520","page","type-page","status-publish","hentry"],"yoast_head":"<!-- This site is optimized with the Yoast SEO plugin v26.7 - https:\/\/yoast.com\/wordpress\/plugins\/seo\/ -->\n<title>Obtenir un devis - ALBA OUEST<\/title>\n<meta name=\"robots\" content=\"index, follow, max-snippet:-1, max-image-preview:large, max-video-preview:-1\" \/>\n<link rel=\"canonical\" href=\"https:\/\/albaouest.com\/index.php\/obtenir-un-devis\/\" \/>\n<meta property=\"og:locale\" content=\"fr_FR\" \/>\n<meta property=\"og:type\" content=\"article\" \/>\n<meta property=\"og:title\" content=\"Obtenir un devis - ALBA OUEST\" \/>\n<meta property=\"og:description\" content=\"OBTENIR UN DEVIS Nom &#8211; Pr\u00e9nom * Adresse Electronique * Num\u00e9ro de t\u00e9l\u00e9phone * Adresse de la copropri\u00e9t\u00e9 * Nombre de lots * Typologie de l&rsquo;immeuble Proc\u00e9dure en cours Immeuble neuf Immeuble ancien Votre Message * Submit\" \/>\n<meta property=\"og:url\" content=\"https:\/\/albaouest.com\/index.php\/obtenir-un-devis\/\" \/>\n<meta property=\"og:site_name\" content=\"ALBA OUEST\" \/>\n<meta property=\"article:modified_time\" content=\"2021-04-07T12:44:22+00:00\" \/>\n<meta name=\"twitter:card\" content=\"summary_large_image\" \/>\n<script type=\"application\/ld+json\" class=\"yoast-schema-graph\">{\"@context\":\"https:\/\/schema.org\",\"@graph\":[{\"@type\":\"WebPage\",\"@id\":\"https:\/\/albaouest.com\/index.php\/obtenir-un-devis\/\",\"url\":\"https:\/\/albaouest.com\/index.php\/obtenir-un-devis\/\",\"name\":\"Obtenir un devis - ALBA OUEST\",\"isPartOf\":{\"@id\":\"https:\/\/albaouest.com\/#website\"},\"datePublished\":\"2021-04-06T04:31:18+00:00\",\"dateModified\":\"2021-04-07T12:44:22+00:00\",\"breadcrumb\":{\"@id\":\"https:\/\/albaouest.com\/index.php\/obtenir-un-devis\/#breadcrumb\"},\"inLanguage\":\"fr-FR\",\"potentialAction\":[{\"@type\":\"ReadAction\",\"target\":[\"https:\/\/albaouest.com\/index.php\/obtenir-un-devis\/\"]}]},{\"@type\":\"BreadcrumbList\",\"@id\":\"https:\/\/albaouest.com\/index.php\/obtenir-un-devis\/#breadcrumb\",\"itemListElement\":[{\"@type\":\"ListItem\",\"position\":1,\"name\":\"Accueil\",\"item\":\"https:\/\/albaouest.com\/\"},{\"@type\":\"ListItem\",\"position\":2,\"name\":\"Obtenir un devis\"}]},{\"@type\":\"WebSite\",\"@id\":\"https:\/\/albaouest.com\/#website\",\"url\":\"https:\/\/albaouest.com\/\",\"name\":\"ALBA OUEST\",\"description\":\"Syndic de Terrain\",\"publisher\":{\"@id\":\"https:\/\/albaouest.com\/#organization\"},\"potentialAction\":[{\"@type\":\"SearchAction\",\"target\":{\"@type\":\"EntryPoint\",\"urlTemplate\":\"https:\/\/albaouest.com\/?s={search_term_string}\"},\"query-input\":{\"@type\":\"PropertyValueSpecification\",\"valueRequired\":true,\"valueName\":\"search_term_string\"}}],\"inLanguage\":\"fr-FR\"},{\"@type\":\"Organization\",\"@id\":\"https:\/\/albaouest.com\/#organization\",\"name\":\"ALBA OUEST\",\"url\":\"https:\/\/albaouest.com\/\",\"logo\":{\"@type\":\"ImageObject\",\"inLanguage\":\"fr-FR\",\"@id\":\"https:\/\/albaouest.com\/#\/schema\/logo\/image\/\",\"url\":\"https:\/\/albaouest.com\/wp-content\/uploads\/2020\/03\/Logo_AlbaOuest_Rectangle.png\",\"contentUrl\":\"https:\/\/albaouest.com\/wp-content\/uploads\/2020\/03\/Logo_AlbaOuest_Rectangle.png\",\"width\":6246,\"height\":3000,\"caption\":\"ALBA OUEST\"},\"image\":{\"@id\":\"https:\/\/albaouest.com\/#\/schema\/logo\/image\/\"}}]}<\/script>\n<!-- \/ Yoast SEO plugin. -->","yoast_head_json":{"title":"Obtenir un devis - ALBA OUEST","robots":{"index":"index","follow":"follow","max-snippet":"max-snippet:-1","max-image-preview":"max-image-preview:large","max-video-preview":"max-video-preview:-1"},"canonical":"https:\/\/albaouest.com\/index.php\/obtenir-un-devis\/","og_locale":"fr_FR","og_type":"article","og_title":"Obtenir un devis - ALBA OUEST","og_description":"OBTENIR UN DEVIS Nom &#8211; Pr\u00e9nom * Adresse Electronique * Num\u00e9ro de t\u00e9l\u00e9phone * Adresse de la copropri\u00e9t\u00e9 * Nombre de lots * Typologie de l&rsquo;immeuble Proc\u00e9dure en cours Immeuble neuf Immeuble ancien Votre Message * Submit","og_url":"https:\/\/albaouest.com\/index.php\/obtenir-un-devis\/","og_site_name":"ALBA OUEST","article_modified_time":"2021-04-07T12:44:22+00:00","twitter_card":"summary_large_image","schema":{"@context":"https:\/\/schema.org","@graph":[{"@type":"WebPage","@id":"https:\/\/albaouest.com\/index.php\/obtenir-un-devis\/","url":"https:\/\/albaouest.com\/index.php\/obtenir-un-devis\/","name":"Obtenir un devis - ALBA OUEST","isPartOf":{"@id":"https:\/\/albaouest.com\/#website"},"datePublished":"2021-04-06T04:31:18+00:00","dateModified":"2021-04-07T12:44:22+00:00","breadcrumb":{"@id":"https:\/\/albaouest.com\/index.php\/obtenir-un-devis\/#breadcrumb"},"inLanguage":"fr-FR","potentialAction":[{"@type":"ReadAction","target":["https:\/\/albaouest.com\/index.php\/obtenir-un-devis\/"]}]},{"@type":"BreadcrumbList","@id":"https:\/\/albaouest.com\/index.php\/obtenir-un-devis\/#breadcrumb","itemListElement":[{"@type":"ListItem","position":1,"name":"Accueil","item":"https:\/\/albaouest.com\/"},{"@type":"ListItem","position":2,"name":"Obtenir un devis"}]},{"@type":"WebSite","@id":"https:\/\/albaouest.com\/#website","url":"https:\/\/albaouest.com\/","name":"ALBA OUEST","description":"Syndic de Terrain","publisher":{"@id":"https:\/\/albaouest.com\/#organization"},"potentialAction":[{"@type":"SearchAction","target":{"@type":"EntryPoint","urlTemplate":"https:\/\/albaouest.com\/?s={search_term_string}"},"query-input":{"@type":"PropertyValueSpecification","valueRequired":true,"valueName":"search_term_string"}}],"inLanguage":"fr-FR"},{"@type":"Organization","@id":"https:\/\/albaouest.com\/#organization","name":"ALBA OUEST","url":"https:\/\/albaouest.com\/","logo":{"@type":"ImageObject","inLanguage":"fr-FR","@id":"https:\/\/albaouest.com\/#\/schema\/logo\/image\/","url":"https:\/\/albaouest.com\/wp-content\/uploads\/2020\/03\/Logo_AlbaOuest_Rectangle.png","contentUrl":"https:\/\/albaouest.com\/wp-content\/uploads\/2020\/03\/Logo_AlbaOuest_Rectangle.png","width":6246,"height":3000,"caption":"ALBA OUEST"},"image":{"@id":"https:\/\/albaouest.com\/#\/schema\/logo\/image\/"}}]}},"jetpack_sharing_enabled":true,"_links":{"self":[{"href":"https:\/\/albaouest.com\/index.php\/wp-json\/wp\/v2\/pages\/520","targetHints":{"allow":["GET"]}}],"collection":[{"href":"https:\/\/albaouest.com\/index.php\/wp-json\/wp\/v2\/pages"}],"about":[{"href":"https:\/\/albaouest.com\/index.php\/wp-json\/wp\/v2\/types\/page"}],"author":[{"embeddable":true,"href":"https:\/\/albaouest.com\/index.php\/wp-json\/wp\/v2\/users\/1"}],"replies":[{"embeddable":true,"href":"https:\/\/albaouest.com\/index.php\/wp-json\/wp\/v2\/comments?post=520"}],"version-history":[{"count":0,"href":"https:\/\/albaouest.com\/index.php\/wp-json\/wp\/v2\/pages\/520\/revisions"}],"wp:attachment":[{"href":"https:\/\/albaouest.com\/index.php\/wp-json\/wp\/v2\/media?parent=520"}],"curies":[{"name":"wp","href":"https:\/\/api.w.org\/{rel}","templated":true}]}}